. What are the prime factors of x + 29/2*8 + -1?
5, 23
Let w(f) = 3*f**2 + 169*f - 100. List the prime factors of w(-59).
2, 3, 31
Suppose 0 = 6*w - 1025 - 547. List the prime factors of w.
2, 131
What are the prime factors of (289 + -163)*8/6?
2, 3, 7
Let g = -704 - -1214. What are the prime factors of g?
2, 3, 5, 17
Let c = 5 - -5. Let z(s) = s - 10. Let d be z(c). Suppose d = 5*x - 18 + 3. What are the prime factors of x?
3
Let m be ((-7)/2)/((-3)/(-6)). Let g(c) = 6*c - 5. Let t(h) = 2*h - 2. Let y(f) = 2*g(f) - 7*t(f). What are the prime factors of y(m)?
2, 3
Let t be (-3*1)/((-36)/96). Suppose g + 5*q = 36, -4*g - 4*q - 24 = -t*g. List the prime factors of g.
11
Suppose -4*a = 10*a - 10388. What are the prime factors of a?
2, 7, 53
Let t = -18 + 24. Let r(v) = 3*v**2 - 7. Let h be r(t). Suppose -2*w + h = 17. What are the prime factors of w?
2, 3, 7
Let o be (-4)/(-2)*2 - 1. Suppose 0 = 3*x, -q + 148 = o*q + 2*x. List the prime factors of q.
37
Let o(s) = s**3 - 2*s**2 + 6*s - 4. Let b be o(5). Let z = b + -20. List the prime factors of z.
3
Let i(s) = s**3 + 21*s**2 - 4*s - 32. List the prime factors of i(-21).
2, 13
Let j(l) = -27*l - 2. Let f be j(-1). Suppose 5*s + 0*y + 83 = -3*y, -4*y = s + 3. Let z = s + f. What are the prime factors of z?
2, 3
Let w be (2*-1)/(3/(-6)). Suppose -3*o - w*m + m = -195, -5*o + 305 = m. Suppose -2*r + o = r. List the prime factors of r.
2, 5
What are the prime factors of (-2)/5*1 + (-33148)/(-20)?
1657
Suppose -4*w + 5*a = 36, -4*w + 8*w + 4*a = 0. Let o = 0 - w. Suppose -16 = -o*k + 96. What are the prime factors of k?
2, 7
Suppose -3*q - 2*q = 0. Let z be 0/(-6 + 4)*-1. Suppose t + t - 5*y - 49 = q, -3*t + y + 41 = z. What are the prime factors of t?
2, 3
Suppose 0 = 2*b + 4*r - 37 + 7, -4*b = -5*r + 5. Suppose b*v + 87 + 8 = f, -v = 4*f - 422. Suppose 4*d - d = f. What are the prime factors of d?
5, 7
Let o(f) = -76*f + 379. List the prime factors of o(-9).
1063
Suppose -8*p - 27 = -7*p + 4*i, -2*p = 5*i + 39. List the prime factors of (10/(-4))/(p/14).
5
Let j be (-21)/2*2/(-3). Suppose 0 = -5*z + j*z - 10. Suppose -5*m = z*c - 120, 70 = 3*m - 2*c + 4*c. What are the prime factors of m?
2, 11
Let n(o) = o**3 + 14*o**2 + 14*o + 21. Let g(b) = 4*b - 5. Let k be g(-2). What are the prime factors of n(k)?
2
Suppose 3*d + 15 = 0, 0*c + c + 5*d + 15 = 0. Suppose 0 = 2*x + c, 3*x = 3*i - 19 + 7. Let v(q) = 30*q**2 + 2*q + 1. List the prime factors of v(i).
29
Suppose -p + 1197 = -13*i + 15*i, -5*i + 4776 = 4*p. What are the prime factors of p?
29, 41
Let i(t) = -108*t + 3. List the prime factors of i(-1).
3, 37
Let z(o) = 79*o + 4279. List the prime factors of z(0).
11, 389
Let t(s) = -2*s**3 + 61*s**2 + 59*s + 15. List the prime factors of t(31).
883
Let k(h) = h**3 - 5*h**2 - 4*h - 5. Let d be k(6). Suppose d*v + 201 = 10*v. What are the prime factors of v?
67
What are the prime factors of 510/(-935) + 10753/11?
977
Suppose 2*c + 7*c = -9. Let r(z) = -2*z**3 - z. Let j be r(c). What are the prime factors of 3/(13/j + -4)?
3
Let y(q) = -3*q**2 - 14*q + 2. Let m(d) = -d**2 + 1. Let l(h) = -2*m(h) + y(h). What are the prime factors of l(-12)?
2, 3
Let i(g) = g**2 - g + 1. Let f be i(-1). Suppose f*z = z + 40. Let l = z - -2. What are the prime factors of l?
2, 11
Let m(l) = -36*l**3 - l**2. Let t = 5 - 6. Let j be m(t). Let c = j - 11. What are the prime factors of c?
2, 3
Suppose -9 = 7*x - 10*x, -3*x - 3 = -z. Let g(y) = 2*y - 3 + 7 + 10. List the prime factors of g(z).
2, 19
Let k(o) = 6*o**2 + 3*o - 4. Let g be -14 + 10 + (-1 - 0). List the prime factors of k(g).
131
Suppose -3*m + 3*i = -0*i, m + 3*i = 8. What are the prime factors of m?
2
Suppose -20*r + 17*r + 3297 = 0. What are the prime factors of r?
7, 157
Let h(j) = 229*j**2 + 9*j + 15. Let d be h(-2). What are the prime factors of (-3)/(-12)*d - 2/8?
2, 3, 19
List the prime factors of (-8788)/(-6)*(23/(-2) + 13).
13
Suppose -257*m = -255*m - 1110. What are the prime factors of m?
3, 5, 37
Let o(b) = b**3 - 14*b**2 + 12*b + 12. Let z be o(14). Suppose -z = -4*i + 2*i. List the prime factors of i.
2, 3, 5
Suppose 5*u = r + 101, 2*r + 0 = -u + 18. Suppose -u = 9*j - 4*j. Let t = 11 - j. List the prime factors of t.
3, 5
Let p be -15 + 15 - (-1 - -1). Suppose -o + 1 = p, -135 = -4*i + i - 3*o. What are the prime factors of i?
2, 11
Suppose 4*y = 8*y + 644. Let k = y - -415. What are the prime factors of k/9 - 8/36?
2, 7
Let a(o) = 5*o - 9. Let m(r) = r. Let j be 9 - 9 - (-7)/1. Let s be m(j). List the prime factors of a(s).
2, 13
Let l = 14 - 8. Suppose 0 = 3*k - l*k - 12, 3*h - 3*k - 15 = 0. List the prime factors of 3 + (3 - h) + -1.
2
Suppose -17*f = -18*f. Suppose -2*w + 5*j + 17 = f, 5*w + 0 - 25 = -5*j. What are the prime factors of w?
2, 3
Let c = 4125 + -712. List the prime factors of c.
3413
What are the prime factors of -8 + 3/(15/25) - -582?
3, 193
Suppose -10*a - 2166 = -6256. What are the prime factors of a?
409
Let c = 712 - -792. List the prime factors of c.
2, 47
Let v be 24/(-16)*32/(-3). Let g = v - 29. Let d = g + 40. List the prime factors of d.
3
Let d(n) = 131*n**2 - 30*n + 61. What are the prime factors of d(2)?
3, 5, 7
Suppose 10*m - 1930 = 6*m - 2*w, 4*m - 1935 = -3*w. List the prime factors of m.
2, 3, 5
What are the prime factors of 3/(3 + 0)*73*1?
73
What are the prime factors of 1*-1 + 13 + 8190/14?
3, 199
Let f(v) be the third derivative of -v**6/120 - v**5/5 - 7*v**4/24 + 13*v**3/6 - 4*v**2. Let w be f(-11). Let u = 22 - w. What are the prime factors of u?
53
Suppose -40 = 3*r - 8*r. Let b(m) = m**2 + 6*m. Let x be b(-2). What are the prime factors of 38/r - 2/x?
5
Let l(s) = s - 12. Let z be l(15). Suppose 5*r - 15 = z*r - 3*v, 5*r - 3*v = 48. What are the prime factors of r?
3
Suppose 2*b - 236 = -4*q, -577 = -5*b + 4*q + 41. List the prime factors of b.
2, 61
What are the prime factors of -2*7/56 + 2425/4?
2, 3, 101
List the prime factors of 159/51 - 3 - 24132/(-68).
5, 71
Suppose 4*q = d - 6*d + 4318, 2*q + 2604 = 3*d. List the prime factors of d.
2, 433
Let n(w) = w**3 - 29*w**2 + 37*w - 43. List the prime factors of n(28).
11, 19
Let y be 50/(-45) + 2/18. Let i be ((-9)/(-18))/(y/(-4)). What are the prime factors of 1375/35 - i/7?
3, 13
Let j(f) = f**3 + 2*f**2 - 4*f - 1. Let s be j(-3). Let r(q) = -3*q**2 + 12*q + 4*q**2 - 6 + 7*q**s - q**3. What are the prime factors of r(9)?
3, 7
Let t(o) = -2*o - 20*o - 9 - o + 10*o. What are the prime factors of t(-9)?
2, 3
Suppose 1027 = 5*h - o - 6, h + 2*o = 211. What are the prime factors of h?
3, 23
Let g = -26 + 30. Suppose 0 = -g*f + 23 + 17. List the prime factors of f.
2, 5
Let c be (180/75)/(4/10). List the prime factors of 220/c*30/25.
2, 11
Suppose -4798 = -50*g + 25552. What are the prime factors of g?
607
Suppose -4*s - 5*m = 30, 5*s + 7*m - 3*m = -33. Let l(u) = -5*u + 32. List the prime factors of l(s).
3, 19
Suppose 0 = -181*a + 175*a + 5610. List the prime factors of a.
5, 11, 17
Suppose -19*a - 13624 = -32*a. What are the prime factors of a?
2, 131
Let w = 40 - 40. Suppose 3*c - 3 - 21 = w. What are the prime factors of c?
2
Let v = -1225 + 2079. What are the prime factors of v?
2, 7, 61
Let o be 3/(-15) + 2*2/20. Suppose -3*m + 201 = -o*m. What are the prime factors of m?
67
What are the prime factors of 2*457/5 - (-3)/15?
3, 61
Let a be 2/4 + -1 - 190/(-76). Let k(w) = 1 - w + 5*w**2 - w - 3 + 3*w. What are the prime factors of k(a)?
2, 5
Let q be (21/14)/(6/20). Suppose -3*g + 15 = 0, 0 = q*p - g - 113 + 23. List the prime factors of p.
19
Let g = -16 - -16. Suppose -3*r - s + 633 = g, 2*r + 2*r - 4*s - 860 = 0. What are the prime factors of r?
2, 53
Suppose -71 = -8*i - 111. Let z(k) = -k - 2*k - 2*k. What are the prime factors of z(i)?
5
Let d(m) = -156*m + 503. What are the prime factors of d(-9)?
1907
Suppose 2*w + 285 = 3*b, b - w - 95 = 2*w. Let t = b - 57. What are the prime factors of t?
2, 19
Suppose -24 = -3*d + 5*o, 0 = 2*d + 5*o + 5 + 4. Suppose -3*a - 2*n + 321 = -3*n, 225 = 2*a + 3*n. Suppose d*y - 42 = a. What are the prime factors of y?
2, 5
Let d(h) = -60*h + 56. What are the prime factors of d(-10)?
2, 41
What are the prime factors of (-2040)/(-8) - 0/(6 - 3)?
3, 5, 17
Let f = 65 + -16. Let r = f + 5. List the prime factors of r